{"id":1316,"date":"2017-10-16T04:10:26","date_gmt":"2017-10-16T04:10:26","guid":{"rendered":"http:\/\/ninzio.com\/bauer\/?page_id=1316"},"modified":"2024-02-13T10:34:29","modified_gmt":"2024-02-13T07:34:29","slug":"hakkimizda","status":"publish","type":"page","link":"https:\/\/yataketiketi.com\/index.php\/hakkimizda\/","title":{"rendered":"Hakk\u0131m\u0131zda"},"content":{"rendered":"<p>[vc_row css=&#8221;.vc_custom_1558754119849{background-image: url(https:\/\/yataketiketi.com\/wp-content\/uploads\/2019\/05\/main-bg-1.png?id=8860) !important;background-position: center !important;background-repeat: no-repeat !important;background-size: cover !important;}&#8221; el_id=&#8221;first-row&#8221;][vc_column]\r\n\t<div class=\"bauer-spacer clearfix\" data-desktop=\"94\" data-mobi=\"60\" data-smobi=\"60\"><\/div>[vc_row_inner][vc_column_inner width=&#8221;1\/2&#8243;]<div class=\"bauer-single-heading clearfix \" style=\"margin-bottom:25px;\"><span class=\"inner\"><span class=\"heading clearfix \" style=\"font-weight:600;color:#cacaca;font-size:16px;\">\r\n\t\tBizi Tan\u0131y\u0131n\r\n\t<\/span><\/span><\/div><h2 class=\"bauer-text clearfix \" style=\"font-size:42px;line-height:50px;margin-bottom:32px;\"><p><span class=\"font-weight-300\">Yenilik\u00e7i &amp; kaliteli \u00fcretimle<\/span> Daima yan\u0131n\u0131zday\u0131z ! <\/p>\n<\/h2><div class=\"bauer-text clearfix \" style=\"font-size:18px;line-height:30px;color:#414042;margin-bottom:34px;\"><p><strong>Yatak Etiketi<\/strong><span>, yatak end\u00fcstrisinde yenilik\u00e7i ve g\u00fcvenilir bir \u00e7\u00f6z\u00fcm sa\u011flay\u0131c\u0131 olarak faaliyet g\u00f6steren \u00f6nc\u00fc bir markad\u0131r. Misyonumuz, m\u00fc\u015fterilerimize y\u00fcksek kaliteli, konforlu ve sa\u011fl\u0131kl\u0131 uyku \u00fcr\u00fcnleri sunmak ve uyku deneyimlerini herkes i\u00e7in m\u00fckemmelle\u015ftirmektir.<\/span><\/p>\n<\/div><div class=\"bauer-text clearfix \" style=\"\"><p><strong>Yatak Etiketi<\/strong><span>, uzman ekibimizin titiz \u00e7al\u0131\u015fmas\u0131 ve s\u00fcrekli kalite kontrol s\u00fcre\u00e7leriyle en y\u00fcksek kalitede \u00fcr\u00fcnler sunmaya adam\u0131\u015ft\u0131r. \u00dcr\u00fcnlerimizde kullan\u0131lan malzemelerin se\u00e7imi ve \u00fcretim s\u00fcrecindeki detaylara verdi\u011fimiz \u00f6nem, m\u00fc\u015fterilerimize g\u00fcvenilir ve uzun \u00f6m\u00fcrl\u00fc \u00fcr\u00fcnler sa\u011flamam\u0131z\u0131 sa\u011flar.<\/span><\/p>\n<p><span>Teknolojik geli\u015fmeleri yak\u0131ndan takip eden bir ekip olarak, s\u00fcrekli olarak \u00fcr\u00fcnlerimizi geli\u015ftirmek i\u00e7in ara\u015ft\u0131rma ve geli\u015ftirme faaliyetlerine \u00f6nem veriyoruz. M\u00fc\u015fterilerimize en son teknolojiye dayal\u0131 \u00fcr\u00fcnler sunarak uyku konforlar\u0131n\u0131 maksimum seviyeye \u00e7\u0131karmay\u0131 hedefliyoruz.<\/span><\/p>\n<p><span>M\u00fc\u015fterilerimizin ihtiya\u00e7lar\u0131n\u0131 anlamak ve onlara en uygun \u00e7\u00f6z\u00fcmleri sunmak i\u00e7in \u00e7aba g\u00f6steriyoruz. Profesyonel m\u00fc\u015fteri hizmetleri ekibimiz, m\u00fc\u015fteri memnuniyetini her zaman en \u00fcst d\u00fczeyde tutmak i\u00e7in \u00e7al\u0131\u015f\u0131r ve her t\u00fcrl\u00fc soru veya sorunu \u00e7\u00f6zmek i\u00e7in m\u00fc\u015fterilerimize yard\u0131mc\u0131 olur<\/span><\/p>\n<\/div>\r\n\t<div class=\"bauer-spacer clearfix\" data-desktop=\"60\" data-mobi=\"30\" data-smobi=\"30\"><\/div>[\/vc_column_inner][vc_column_inner width=&#8221;1\/2&#8243;]\r\n\t<div class=\"bauer-spacer clearfix\" data-desktop=\"55\" data-mobi=\"40\" data-smobi=\"40\"><\/div><div class=\"bauer-simple-image text-center\" style=\"\" >\r\n\t\t\t<img decoding=\"async\" alt=\"image\" src=\"https:\/\/yataketiketi.com\/wp-content\/uploads\/2024\/02\/hakkimizda.png\" \/> \r\n\t\t<\/div>[\/vc_column_inner][\/vc_row_inner]\r\n\t<div class=\"bauer-spacer clearfix\" data-desktop=\"100\" data-mobi=\"60\" data-smobi=\"60\"><\/div>[\/vc_column][\/vc_row]<\/p>\n","protected":false},"excerpt":{"rendered":"<p>[vc_row css=&#8221;.vc_custom_1558754119849{background-image: url(https:\/\/yataketiketi.com\/wp-content\/uploads\/2019\/05\/main-bg-1.png?id=8860) !important;background-position: center !important;background-repeat: no-repeat !important;background-size: cover !important;}&#8221; el_id=&#8221;first-row&#8221;][vc_column][vc_row_inner][vc_column_inner width=&#8221;1\/2&#8243;][\/vc_column_inner][vc_column_inner width=&#8221;1\/2&#8243;][\/vc_column_inner][\/vc_row_inner][\/vc_column][\/vc_row]<\/p>\n","protected":false},"author":1,"featured_media":0,"parent":0,"menu_order":0,"comment_status":"closed","ping_status":"closed","template":"","meta":{"footnotes":""},"class_list":["post-1316","page","type-page","status-publish","hentry"],"_links":{"self":[{"href":"https:\/\/yataketiketi.com\/index.php\/wp-json\/wp\/v2\/pages\/1316","targetHints":{"allow":["GET"]}}],"collection":[{"href":"https:\/\/yataketiketi.com\/index.php\/wp-json\/wp\/v2\/pages"}],"about":[{"href":"https:\/\/yataketiketi.com\/index.php\/wp-json\/wp\/v2\/types\/page"}],"author":[{"embeddable":true,"href":"https:\/\/yataketiketi.com\/index.php\/wp-json\/wp\/v2\/users\/1"}],"replies":[{"embeddable":true,"href":"https:\/\/yataketiketi.com\/index.php\/wp-json\/wp\/v2\/comments?post=1316"}],"version-history":[{"count":4,"href":"https:\/\/yataketiketi.com\/index.php\/wp-json\/wp\/v2\/pages\/1316\/revisions"}],"predecessor-version":[{"id":9307,"href":"https:\/\/yataketiketi.com\/index.php\/wp-json\/wp\/v2\/pages\/1316\/revisions\/9307"}],"wp:attachment":[{"href":"https:\/\/yataketiketi.com\/index.php\/wp-json\/wp\/v2\/media?parent=1316"}],"curies":[{"name":"wp","href":"https:\/\/api.w.org\/{rel}","templated":true}]}}